7*h = -26*h - 19. Suppose -5*y = -16 - h. Suppose -2*n + y*n - 560 = 0. What is the remainder when n is divided by 29?
25
Let f be (-1)/(-2)*-1*0*1. Suppose f*q - q = 4*m + 612, -q + 466 = -3*m. Let z = -110 - m. Calculate the remainder when 130 is divided by z.
42
Let g = 10411 - 10406. Calculate the remainder when 828 is divided by g.
3
Let m = 13538 - 12844. What is the remainder when m is divided by 37?
28
Calculate the remainder when 1662 is divided by 1048/80 + (-1)/10.
11
Let j = 335 + 255. What is the remainder when j is divided by 160?
110
Let q(k) be the first derivative of -49*k**4/2 - k**2/2 + 2. Suppose -10*f + 1086 = -1269 + 2105. Calculate the remainder when q(-1) is divided by f.
24
Suppose -z - 7 = 2*u, 0*u - 2*u + 2*z = -8. Calculate the remainder when (-972)/(-6) + 6/3 is divided by 293/7*1 - u/7.
38
Let t(i) = -i**3 + 9*i**2 + 3480*i + 6928. Calculate the remainder when t(-2) is divided by 21/9*(4 + -1).
5
Suppose 12*a = -178 - 26. What is the remainder when 13 + 1 - (a - (-13 + 0)) is divided by 4?
2
Suppose 192*q = 187*q + 225. Suppose -a + 61 = -2*w, -4*a + 264 = -0*a - 4*w. What is the remainder when a is divided by q?
26
Let c(g) = g**3 - 3*g**2 - 38*g + 19. Let n(r) = -r**3 + 6*r**2 - 10*r + 25. What is the remainder when n(-7) is divided by c(8)?
32
Let r(t) = 24*t - 1. Let q(p) = -4*p. Let l(o) = -44*q(o) - 4*r(o). Let i be l(-3). What is the remainder when (1/2)/((-2)/i) is divided by 12?
11
Let r(b) = 347*b + 371. What is the remainder when 669 is divided by r(-1)?
21
Suppose 2*c - 98 = -4*r, -3*r + 3*c = -29 - 67. Suppose 4*x = -91 + 23. Let k = r + x. Calculate the remainder when 57 is divided by k.
7
Let p(f) = 66*f**2 + 29*f - 30. Calculate the remainder when p(-2) is divided by 74.
28
Suppose 4*k - 136 = 172. Let b(l) = -l**3 - 2*l + 18. Let q be b(0). Suppose -q*j + 13*j = -100. What is the remainder when k is divided by j?
17
Let y(d) = 14*d**3 - 13*d**3 + 7 - d**2 - 2. Suppose 5*m - 70 = -5*u, 5*m = 5*u + 2*m - 70. Calculate the remainder when y(4) is divided by u.
11
Suppose 6*t = 3*t. Suppose t = b + b - 46. Calculate the remainder when ((-6)/(-10))/((-225)/(-42750)) is divided by b.
22
Let i = 36 - 34. Suppose 0 = -2*t + 3*o + 4, -i*o = 3*t - 0*o + 20. Calculate the remainder when (1/((-5)/t))/(18/225) is divided by 6.
4
Suppose -16*g + 43*g = -56*g + 2739. What is the remainder when 188 is divided by g?
23
Suppose 240 = -7*i + 4*i. Let y be (-6)/(3/i*2). Suppose 3*d = 7 + y. What is the remainder when d is divided by 15?
14
Let i be 3/6*-1*-18. Suppose 5*m - w - 41 - 30 = 0, -2*m - 2*w = -26. Calculate the remainder when m is divided by (-3)/i*(2 - 32).
4
Suppose -3*f = h - 99, h - 5*f - 75 = -0*f. Suppose 10*v - 34 = 16. Suppose w - 3*b - 41 = -16, v*w + b = 61. What is the remainder when h is divided by w?
12
Let q = 5500 + -4993. Calculate the remainder when q is divided by 167.
6
Let w(b) = b**3 - 22*b**2 - 49*b + 16. Let a be w(24). Let n(p) = p**3 + 10*p**2 - 4*p + 2. What is the remainder when n(a) is divided by 41?
39
Suppose -2*f - 2*r + 6 = 0, -26 = -3*f + 3*r + 1. Let v(s) = -13*s - 13. Calculate the remainder when v(-10) is divided by f/27 + (-1)/(27/(-804)).
27
Let u be 2/(12/(-15))*(-2)/5. Let r be (-1970)/(-10)*u/1. Let q = r + -32. What is the remainder when q is divided by 56?
53
Let y = 67 + -33. What is the remainder when y is divided by (-11)/(-11) - (-90 + 63)?
6
Let j(p) = -25*p - 6 - 34 + 37*p. Let q be j(3). Let a(w) = -3*w**2 - 15*w - 1. Calculate the remainder when 42 is divided by a(q).
9
Let j(d) = -d**2 + 18*d + 35. Let r = -20 + 38. What is the remainder when 127 is divided by j(r)?
22
Let i(n) = n**2 - 8*n - 584. What is the remainder when (-3 + 4)/((-160)/54 - -3) is divided by i(29)?
2
Suppose 5*x = -4*p + 5, -p + 5 = x + x. Suppose 2*f + 232 = 456. Suppose 282 = x*z + f. What is the remainder when 100 is divided by z?
32
Suppose 455 = -4*u + k, -u - 117 = -0*u + 3*k. Let v = u - -120. What is the remainder when 39 is divided by v?
3
Suppose -290*r = -291*r + 1341. What is the remainder when r is divided by 14?
11
Suppose -4*x = -6*h + 364, x + 14*h - 13*h + 81 = 0. Suppose 0 = 4*o - 379 - 425. Let a = o + x. What is the remainder when a is divided by 39?
38
Let r(o) = -229*o**2 - o. Let n be r(1). Let l = n - -313. What is the remainder when 164 is divided by l?
81
Let r be 7/((-14)/8)*(-11 + 4). Let x(b) = 2*b**2 + 3*b + 2. What is the remainder when 27*(r/(-6) - -5) is divided by x(-2)?
1
Let v be (-5 - -9) + (-2 - 421) + -4. What is the remainder when 30 is divided by (-9)/(-24) + (-7)/(168/v)?
12
Let b = 815 - 652. Calculate the remainder when b is divided by 29.
18
Let l(p) = 33*p - 163. What is the remainder when 562 is divided by l(9)?
26
Let f(x) = 270*x + 818. What is the remainder when -1 + 29 - (2 - 4) is divided by f(-3)?
6
Suppose 0 = -2*o - 5*d + 25, 13*o - 16*o + 3*d = -27. Suppose -o*l + 11*l = 80. Calculate the remainder when l is divided by 33.
14
Let k(q) = 3*q + 888. Calculate the remainder when 2156 is divided by k(-57).
5
Let a(z) = z**3 - 7*z**2 + 11*z - 14. Calculate the remainder when ((-264)/(-16) + -18)/((-115)/56 + 2) is divided by a(6).
12
Let v = 46 + -144. Let x = -35 - v. Calculate the remainder when 123 is divided by x.
60
Let a(w) = 42*w - 26. Suppose 40*c - 8 = 32*c. Calculate the remainder when 67 is divided by a(c).
3
Let l(a) = 26*a**2 + 3*a - 1. Let b be l(1). Suppose -28 - b = -7*h. Suppose 226 - 36 = 5*q. Calculate the remainder when q is divided by h.
6
Suppose -39 + 2 = -b - 3*x, -213 = -5*b - x. Suppose 770*r - 469*r = 37324. What is the remainder when r is divided by b?
38
Suppose -z = 3*k - 45, -4*k + 5*k = -2*z + 90. Let b = -5 + 9. What is the remainder when z is divided by -3 - (-18 - (-12)/b)?
9
Let f = 40 - 10. Suppose -15*n + 23 + 202 = 0. Calculate the remainder when f is divided by n.
0
Let i be (-354)/11 - (-2)/11. Let f = i + 37. Suppose f*p + q - 25 = 0, -3*p - 4*q + 44 - 12 = 0. What is the remainder when 37 is divided by p?
1
Let v = -35 + 16. Let x(q) = q**3 + 18*q**2 - 21*q + 45. Let h be x(v). Let n = 86 - h. What is the remainder when 9 is divided by n?
0
Let u(t) = -t**3 + 15*t**2 - 15*t + 14. Let r(y) = -y**2 + y + 1. Let a(x) = 5*r(x) + u(x). What is the remainder when 189 is divided by a(9)?
9
Suppose 0 = -6*p + 1513 - 1405. Suppose c = -3*c + 1000. Suppose 0 = 2*a + 3*a - c. What is the remainder when a is divided by p?
14
Let g be 2 - (-5)/(20/(-8))*-139. Let h = g - 265. Calculate the remainder when h is divided by 7.
1
Let y(r) = r**3 - 3*r**2 + 2*r - 1. Let x be y(2). Calculate the remainder when 8360/(-3740)*17/(-2) is divided by (x - (-2 + -21))/2.
8
Suppose -2*l = -8, 4*k - 8 = 2*l - 3*l. Suppose p - 6 = k. What is the remainder when (-8)/12 - 2975/(-75) is divided by p?
4
Let g = 10982 - 6371. What is the remainder when g is divided by 31?
23
What is the remainder when 536 is divided by (-938)/(-6) + (-22)/(-33)?
65
Suppose -182 = -5*g + 28. Let d(u) = -u**2 + 0*u**3 - 8*u**3 - 12*u + 14*u + 2 - 2*u**3. Calculate the remainder when g is divided by d(-1).
6
Suppose -7*t + 2*t - 6475 = 0. Calculate the remainder when -6*(t/10)/7 is divided by 16.
15
Let n be 526 + -17 - (-2)/(4/(-6)). Let i = n - 45. What is the remainder when i is divided by 77?
76
Let j(p) = 54*p**2 - 162*p + 1. What is the remainder when j(8) is divided by 55?
16
Suppose 77*z + 15*z = -208*z + 148500. What is the remainder when z is divided by 125?
120
Let o = 2642 - 549. Suppose 184*f = 171*f + o. What is the remainder when f is divided by 54?
53
Suppose -5798 = -157*c + 14769. Calculate the remainder when 595 is divided by c.
71
Let a = -269 - -417. Let d = a + -62. Calculate the remainder when d is divided by 19.
10
Suppose -249 = -3*a - 5*b, b + 91 = 17*a - 16*a. What is the remainder when 350 is divided by a?
86
Let z = 124 + -86. Suppose -6*w = -4*w - z. Suppose -2*k + 154 = 2*a, 45*k + 219 = 48*k - a. Calculate the remainder when k is divided by w.
17
Suppose 0 = -5*r + 4*p + 42, 4*p + 14 = 3*r - 0*p. Calculate the remainder when (-1 + 219)/(0 - -2) is divided by r.
11
Suppose 4*t - 13*t = -135. Suppose 98 = 14*a - 9*a + f, -5*f = -t. Calculate the remainder when a is divided by 16.
3
Suppose 136*o = 135*o - 4*p + 